 is divided by k.
15
Calculate the remainder when 686 is divided by ((-248)/12 + 3)/(19/(-57)).
50
Calculate the remainder when 1506*((-62)/(-12))/31 is divided by 145.
106
Suppose 0 = 3*x - 51 + 36. Suppose -5*o - 11 = 3*z - 30, 0 = -o + x*z - 13. Calculate the remainder when 11 is divided by o.
1
Suppose -127 = l - 5*l + 3*x, -123 = -4*l - x. Let o(u) = 0*u - 6*u + 10 - u**2 - 2*u + 0. What is the remainder when l is divided by o(-7)?
14
Let k(s) = 2*s + 18. Let q be k(-9). Suppose q = -25*z + 27*z - 38. Let t = z - -13. What is the remainder when 63 is divided by t?
31
Let m(t) = 15 + 12 + 2 - t + 3*t. Let g(k) = -3*k - 31. What is the remainder when m(18) is divided by g(-16)?
14
Suppose 4*m - 16 = 0, -5*v - 3*m = m + 134. What is the remainder when v*((-4)/1 + (-161)/(-46)) is divided by 8?
7
What is the remainder when 380 is divided by ((-24)/108)/((-1)/333)?
10
Let a = -477 + 229. Suppose -156 = -3*z - 2*m - 0*m, 4*m - 62 = -z. What is the remainder when z is divided by 16/56 + a/(-14)?
14
Let v = 140 - 140. Suppose -4*b = 2*u - 5 - 29, v = -2*b - 8. What is the remainder when 49 is divided by u?
24
Suppose t + 2*u = 795, 0 = -0*t - t + 3*u + 810. Suppose -12*w + t = -9*w. What is the remainder when w is divided by 54?
51
What is the remainder when (-6)/45 + (-21535)/(-75) is divided by 49?
42
Suppose 2*x - 35*x = -4804 + 3946. Calculate the remainder when 134 is divided by x.
4
Suppose 0 = 7*p + 4*p. Suppose p = -g + 5*w + 104, 24*g - 19*g = w + 424. Calculate the remainder when g is divided by 8.
4
Suppose 4*p + p + 40 = i, -i = 0. Calculate the remainder when 196 is divided by ((-804)/(-48))/((-2)/p).
62
Let j be 0 + ((-50)/6)/((-1)/3). Let m = j + 3. Let u = 183 + -142. Calculate the remainder when u is divided by m.
13
Suppose 0 = -5*l + l + 320. Suppose -z + 0 + 76 = 5*o, -4*o + l = -4*z. Calculate the remainder when ((-438)/(-2) - 9) + 7 + -10 is divided by o.
15
Let p = 160 - 36. What is the remainder when p is divided by (-15741)/(-627) - (-6)/(-57)?
24
Let x = 212 - 180. Suppose -3*s = -s - x. What is the remainder when s is divided by 3?
1
Let q = 214 - 202. Let t(h) = 4*h**2 - h - 1. What is the remainder when t(-3) is divided by -6*16/q + 15?
3
Let n(j) = j**2 - 22*j + 47. Let i = 43 - 39. Let d be (-20)/(-3 + -2 + i). Calculate the remainder when 13 is divided by n(d).
6
Suppose -72 - 20 = -v. Let z = -77 + v. Calculate the remainder when 265 is divided by z.
10
Let m = -24 - -28. Let n be (1/(m/(-32)))/(-2*1). Calculate the remainder when 53 - (12/n - 1*6) is divided by 20.
16
Calculate the remainder when 848 is divided by (567/18)/(-21)*2/6*-340.
168
Let p be (-2)/(-9) + 40/(-18). Suppose 5560 = 101*z + 75*z - 37*z. Calculate the remainder when z is divided by (1 - p/(-4))*22.
7
Suppose 2*r - 11760 = -7*r - 7*r. What is the remainder when r is divided by 26?
7
Let n = 3407 - 3373. Calculate the remainder when 642 is divided by n.
30
Suppose -169*c + 6337 = -35*c - 102605. Calculate the remainder when c is divided by 25.
13
Suppose -76*r + 9245 + 3085 = -58*r. What is the remainder when r is divided by 21?
13
Let k(v) = v**3 + 100*v**2 - 7*v - 631. Suppose 852 = 4*x + h, -2*x - 4*h = -3*x + 196. Calculate the remainder when x is divided by k(-100).
5
Suppose -2*r - 8 = -2*i, 4*r + 4*i - 2*i + 28 = 0. Let p be (72/(-42))/((-2)/7). Let f = p - r. Calculate the remainder when 22 is divided by f.
10
Let t(o) = -11*o**3 + 7*o**2 + 5*o - 3. Let v(s) = -13*s**3 + 8*s**2 + 7*s - 2. Let a(h) = 3*t(h) - 2*v(h). Calculate the remainder when a(-3) is divided by 59.
49
Let g(q) = -146*q + 11822. What is the remainder when 2625 is divided by g(75)?
9
What is the remainder when (-5)/(-3)*(10 + (-352)/55) - -119 is divided by 1?
0
What is the remainder when (4 + -1)/((-4)/155*(-270)/3672) is divided by 243?
123
Suppose x + s - 113 = 0, -7*s = -2*s - 15. Calculate the remainder when x is divided by 85.
25
Let a(o) = -o**3 + 3*o**2 + 9*o + 8. Suppose 4*n - 9 - 11 = 0, -5*r - 3*n = 0. Let d(j) = 7*j**2 + 4. Calculate the remainder when d(3) is divided by a(r).
32
Let t = 93 + -90. Suppose -4*i + 2*i - 14 = 3*n, n = i - t. Calculate the remainder when (-4)/8*-2 - 193*i is divided by 39.
38
Let h(v) = -18*v + 167. Let y be h(10). Calculate the remainder when 50 is divided by 498/(-156)*-6 - (-2)/y.
12
Let a be (-102)/(-4) - 7/14. Suppose -a + 5 = -10*g. Suppose -4*k = 2*b - b - 69, -g*k + 57 = 5*b. Calculate the remainder when 62 is divided by k.
14
Suppose -2*w + 65 - 55 = 0, 5*t + w = 170. Calculate the remainder when 1/3 + 574/6 is divided by t.
30
Suppose 0 = -549*r + 596*r - 154865. Calculate the remainder when r is divided by 206.
205
Let h(v) = v**3 - 3*v**2 + 3*v - 7. Suppose -3*q = 15, -17*q + 7*q - 38 = 3*g. Calculate the remainder when h(5) is divided by g.
2
Let s = 13 - -3. Let v be ((-9)/(-12))/((-18)/(-24)). Calculate the remainder when ((-81)/4)/9*(v + -13) is divided by s.
11
What is the remainder when 363 is divided by (1919/171)/((-1)/(-3)) - (-2)/6?
23
Suppose -22*x - 10 = -17*x, -147 = -k + 3*x. Suppose -23 = -4*j + k. Calculate the remainder when j is divided by 25.
16
Suppose 40*x = 41589 + 63038 + 8653. Calculate the remainder when x is divided by 81.
78
Let l = 1468 + -1337. What is the remainder when l is divided by 67?
64
Suppose 16 = 5*f + 3*m - 76, 20 = 5*m. Suppose 0 = 22*i - 24*i + 4. Suppose 4*l = -l - 10, 128 = 4*c - i*l. What is the remainder when c is divided by f?
15
Let t(f) = -135*f - 1. Let q(x) = 2 + 3*x**2 + 0*x**2 + x**3 + 8*x - 7*x. Let i be q(-3). What is the remainder when t(i) is divided by 27?
26
Let w(h) = -6*h + 16. Let l be w(0). Suppose l*p - 24*p = -968. Calculate the remainder when p is divided by -1 + 32 - (0 - 0).
28
Suppose -5677 + 813 = -128*o. What is the remainder when o is divided by (-10)/15*(0 - 30)?
18
Suppose 0 = -g + 8 - 50. Calculate the remainder when 151 is divided by ((-8)/6)/(g/2079).
19
Let k(f) = f**2 - 53*f + 1037. What is the remainder when 536 is divided by k(13)?
19
Suppose 5298 = -x + 5478. What is the remainder when x is divided by 62?
56
Suppose 18*n - 16*n = -3*u + 459, 19*n = -114. What is the remainder when 2349 is divided by u?
151
Let b(n) = -n - 7. Let y be b(10). Let z(l) = l**2 + 10*l - 39. Calculate the remainder when z(y) is divided by 9.
8
Let m = 32 + -24. Let w(b) = -2*b**3 + 62*b**2 + 2*b - 26. What is the remainder when w(31) is divided by m?
4
Suppose 7*i - 36*i = 638. What is the remainder when (23 + i)/((-2)/(-634)) is divided by 82?
71
Suppose 4*x - 2*v - 1350 = 0, -19*x = -16*x + 5*v - 980. What is the remainder when x is divided by (531/6 - 1) + (-560)/224?
80
Let m = -566 - -777. Calculate the remainder when m is divided by 17.
7
Let v(n) = 50*n**3 - 7*n**2 - 7*n + 14. Calculate the remainder when v(2) is divided by 12.
0
Let i = 74 + -43. Suppose 8*y - 9 = i. Suppose -y*o + 73 = v - 3*v, 0 = o + 4*v - 19. Calculate the remainder when 42 is divided by o.
12
Let z = 25 + 8. Suppose -660*l = -659*l - 201. Calculate the remainder when l is divided by 2 - 1 - (5 - z).
27
Let h = 176 - 250. Let l = h - -125. Calculate the remainder when l is divided by ((-1296)/64)/(3/(-4)).
24
Let n(w) = 7*w**3 + 2*w**2 + 3*w - 2. Let k(c) = -5*c + 18. Let s be k(3). Let h be 2*(s/18)/((-3)/(-9)). What is the remainder when 15 is divided by n(h)?
5
Suppose -4 = -4*v, 0 = -5*i - 35*v + 31*v + 3734. What is the remainder when i is divided by 156?
122
Let r = 583 + -581. Let l be (-4)/(-18) - (-122)/18. Suppose 22 = 3*z + r*y - y, -2*z - l = 5*y. Calculate the remainder when 33 is divided by z.
6
Suppose 4*g + 3*d - 253 = 0, 317 = 5*g + 12*d - 8*d. What is the remainder when 202 is divided by g?
19
Suppose 2*x = -q + 1807, 5*x - 11*q - 4490 = -8*q. Calculate the remainder when x is divided by 44.
21
What is the remainder when (3/(-4))/(((-6972)/14672)/83) is divided by 5*1/(-5)*-46?
39
Let m = 73 - 71. Let j(v) = -8 - 9 + 9*v**m - 7*v**2 + 7. What is the remainder when j(-5) is divided by 21?
19
Suppose 5*k - 16 = 4*r, 7*r - 4*k = 12*r + 61. Let h(x) = -x**2 - 8*x + 43. Calculate the remainder when 237 is divided by h(r).
33
Suppose -4*a = 8*a - 1956. Let m = 204 - a. What is the remainder when m is divided by 11?
8
Let b = 33 + 9. Suppose b*g - 81 = 39*g. Let n